0*k - 30. What is the remainder when l is divided by k?
4
Let c(g) = g - 1. Suppose 2*z + x - 8 = 0, -z - 5 = -0*z + 5*x. Let h(i) = 3*i - 1. What is the remainder when h(z) is divided by c(6)?
4
Let x be 4 - (0 - -2 - 0). Let a be (-1)/(-2 + 3/x). Suppose -3*p = -12, -4*p - 35 = -a*o - o. What is the remainder when 32 is divided by o?
15
Suppose a - 16 - 18 = 0. Suppose 0 = -4*v + 27 + 9. Calculate the remainder when a is divided by v.
7
Calculate the remainder when -2 + 25 + (1 - 2) is divided by 50/(-15)*(-36)/15.
6
Let m(p) = 21 - 21 - 106*p. What is the remainder when m(-1) is divided by 27?
25
Let w = 7 + -13. Calculate the remainder when (-87)/w + 1/2 is divided by 4.
3
Let t = 12 - 16. Let d = 10 + t. What is the remainder when 10 is divided by d?
4
Suppose 4*z = 74 + 46. What is the remainder when 148 is divided by z?
28
Suppose 5*b = 6*b - 29. What is the remainder when b is divided by 8?
5
Suppose 2*t + 2*t = 12. Calculate the remainder when 5 is divided by t.
2
Let b(a) = 7*a**2 + 2*a - 1. Let h be (-2*2)/(8/4). Suppose s + 3*s = -o - 4, 2*o - 5*s = 31. Calculate the remainder when b(h) is divided by o.
7
Suppose -2*k - 1 + 7 = 0. What is the remainder when 16 is divided by (9 - k)/(-3) - -11?
7
Suppose -2*i + 3*k = -26, -3*i + i + 26 = -5*k. Let f be 3/((-41)/(-19) - 2). Suppose -4*q + 9 = -f. Calculate the remainder when i is divided by q.
6
Suppose 36 = -24*v + 28*v. What is the remainder when 14 is divided by v?
5
Suppose 4*c + 22 = 3*g, 3*c = g + 4*c + 2. Let h(v) = v**3 - 3*v**2 + 2*v. Let w be h(4). Calculate the remainder when w/(-9)*3/(-2) is divided by g.
0
Let r(o) = -o**3 + 5*o**2 - o + 3. Suppose 4*l + 2*s - 8 = 0, -l + 0*s - 4*s = 5. Calculate the remainder when 35 is divided by r(l).
17
Let d(s) = -s - 13. Let g be d(-8). Let h(n) = -15*n + 4. Let k(a) = -7*a + 2. Let o(b) = g*k(b) + 3*h(b). Calculate the remainder when 65 is divided by o(-2).
21
Suppose 93 = w - 33. Calculate the remainder when w is divided by 43.
40
Let b be 268*(9/6 + -2). Let j = -39 - b. Calculate the remainder when j is divided by 24.
23
Let y(u) = -u**2 - 33*u - 182. Suppose 0 = -3*n + 33 + 33. Let c = n + -4. What is the remainder when y(-9) is divided by c?
16
Let g(t) = -t**3 + 6*t**2 + 4*t - 2. Let m be g(6). Let n = m - -1. Calculate the remainder when n is divided by 62/5 + 2/(-5).
11
Let q(g) = -g**3 - 3*g**2 - 2*g + 2. Let w be q(-2). Suppose -141 = -n - w*n. Let p(z) = -2*z. Calculate the remainder when n is divided by p(-8).
15
Let f = -11 - -19. Suppose -3*u + f = -16. Calculate the remainder when u is divided by 6.
2
Suppose -3*x - 2*p = -119, -3*x - 31 + 146 = 4*p. Calculate the remainder when x is divided by (-2)/7 + (-79)/(-7).
8
Calculate the remainder when 49 is divided by (-5)/((-9)/(-6) + -2).
9
Suppose 0 = 2*u - 5*u + 66. Let v = 29 - u. Calculate the remainder when v is divided by 3.
1
Let r be 1/(-4) - 34/(-8). Suppose 6 = -r*y + 6*y. Suppose -5*l - w + 38 = 0, -5*l = 4*w - 28 - 19. What is the remainder when l is divided by y?
1
Let y(v) = v**2 - 10*v. Calculate the remainder when y(11) is divided by 3.
2
Suppose -5*t + 2*v - 15 = 123, 0 = -2*t - 2*v - 44. Let p = t - -38. Let n = 38 + -4. What is the remainder when n is divided by p?
10
Let i = -149 + 241. What is the remainder when i is divided by 47?
45
Suppose -2 = -4*z + 18. Calculate the remainder when 24 is divided by z.
4
Let n = -16 + 8. Let j = n + 13. Let k = j + 0. What is the remainder when 7 is divided by k?
2
Suppose -l + 1 + 5 = 0. Let g be (-16)/((-2)/8*2). Let i = g - 15. What is the remainder when i is divided by l?
5
Suppose 2*t = -2 + 10. What is the remainder when 13 is divided by t?
1
Let h(y) = 10*y**2 + 3*y + 1. Suppose -33 = -5*u + 37. Calculate the remainder when u is divided by h(-1).
6
Let m be (2 - 7)/(-1)*-15. Let b = 141 + m. Calculate the remainder when b is divided by 23.
20
Let w(v) = v**2 + 5. Let o = 1 - 1. Let n be w(o). Suppose -k - 5 = -2*x - 55, 235 = 5*k - n*x. Calculate the remainder when k is divided by 15.
14
Suppose 3*v + 4*a = 5*v - 18, 5*v = 2*a + 85. Calculate the remainder when 35 is divided by v.
16
Suppose -5*v + 4*v + 1 = -5*s, 4*s - 20 = 0. Calculate the remainder when 77 is divided by v.
25
Calculate the remainder when 38 is divided by 5/((-55)/(-33) + 4/(-6)).
3
Let u(t) = -t**3 - 11*t**2 - 4*t + 3. What is the remainder when u(-11) is divided by 25?
22
Let d be -2*((-2)/(-4) - -2). Let i = d + 36. Let s(c) = -c**3 - 8*c**2 - 7*c + 8. Calculate the remainder when i is divided by s(-7).
7
Let q = -8 - -6. Calculate the remainder when -4*q/(-4) + 25 is divided by 8.
7
Let a(d) = d**2 + 9*d + 5. Let s be a(-6). Calculate the remainder when (4 + 21)*(-8)/(-20) is divided by s/(-4) - 2/8.
1
Suppose 16*f + 96 = 19*f. Calculate the remainder when f is divided by 12.
8
Let y = 170 - 106. What is the remainder when y is divided by -3*(1 + (-25)/3)?
20
What is the remainder when 80 is divided by 8/(-5) - 6/15 - -43?
39
Let i(w) = -w**3 - 9*w**2 - 14*w + 4. Suppose -26 = -3*q - 11. Let m = q - 2. Calculate the remainder when i(-7) is divided by m.
1
Suppose 2*b - 77 = b. Let j = 55 - b. Let p = -13 - j. What is the remainder when 25 is divided by p?
7
Suppose -4*c + 72 = -0*c. Calculate the remainder when 28 is divided by c.
10
Let l be (-22)/(-4) + (-6)/12. Suppose 0*d - l*d + 85 = 0. Suppose -2*q - 2*s = 3*q - 166, s - 35 = -q. What is the remainder when q is divided by d?
15
Let k(s) = -s - 7. Let u(m) = m + 7. Let f(i) = 3*k(i) + 4*u(i). Calculate the remainder when f(8) is divided by 6.
3
Let j(h) = -4*h**3 - 10*h**2 + 5. Calculate the remainder when 76 is divided by j(-3).
7
Suppose 0 = -3*g - g + 12. Suppose 2*h - g*h = -3. Calculate the remainder when 5 is divided by h.
2
Suppose -7*h - 1 = -29. Suppose -h*c + 4 = -4. Suppose 5*x + 3*j = 25, -4*x - 6*j + 20 = -3*j. What is the remainder when x is divided by c?
1
Calculate the remainder when 33 is divided by ((-6)/15)/(1/(-45)).
15
What is the remainder when ((-33)/(-4))/((-273)/140 - -2) is divided by 42?
39
Let f(j) = -15 - 12 + 17 + 12*j - 3 - j**2. Let t(l) = -3*l - 5. Let p be t(-5). Calculate the remainder when f(p) is divided by 2.
1
Suppose 0 = -4*n - 35 + 79. Calculate the remainder when n is divided by 6.
5
Let r be ((-60)/24)/(1/(-2)). Suppose r*d + 0*d = 160. What is the remainder when d is divided by 11?
10
Suppose 23 + 17 = 2*h. Suppose v + h = 6*v. Suppose 0 = x + 2*d - 3, -v*x + 9 = -x - 5*d. Calculate the remainder when x is divided by 2.
1
Suppose z - 50 = -3*b - 19, 2*b - 32 = 5*z. Calculate the remainder when 32 is divided by b.
10
Calculate the remainder when 13*(2 + -10)/(-4) is divided by 9.
8
Let p(o) = -o**2 - 12*o. Let t be p(-9). Let a = -14 + t. Let u(k) = 4*k - 4. Calculate the remainder when a is divided by u(3).
5
Suppose -2*b - 2*b + 12 = 0. Suppose b*j - 10 = -2*j. Suppose 0 = i + 2, 4*h - 16 - j = -3*i. What is the remainder when h is divided by 4?
2
Let n be 7 + 8*(-4)/8. Suppose -2*b + 149 = n*k, -5*k + 263 = 3*b - 7*b. What is the remainder when k is divided by 13?
12
Suppose 0*z = 4*p + 5*z - 54, 4*p + 3*z = 50. Let r = -16 + 36. Calculate the remainder when r is divided by p.
9
Suppose 17 = -c + 24. Calculate the remainder when c is divided by 2.
1
Suppose -5*f - 2*n = -108, 4*f - 114 = -f + 4*n. Calculate the remainder when 151 is divided by f.
19
Suppose q - 4*o = -2*o + 16, 31 = q + o. Suppose -70 = -4*u + q. Suppose 0 = r - 2*r + u. Calculate the remainder when r is divided by 13.
11
Suppose 0 = -5*h - 4*s + 85, 3*h - h + 4*s - 46 = 0. Suppose 2*z - h = 15. Suppose -3*k + 26 = -2*k. What is the remainder when k is divided by z?
12
Suppose 0 = -0*p + 4*p - 8. Suppose 3*u + f = p*u + 39, -5 = -5*f. Calculate the remainder when u is divided by 10.
8
Suppose 2*n = -h + 61, 3*n - 3*h = 5*n - 63. Calculate the remainder when n is divided by 11.
8
Suppose -3*p + 8 = 5*v - 26, 0 = -v + 2. Let b be ((-4)/(-2))/(0 - -1). Let k = 23 - b. Calculate the remainder when k is divided by p.
5
Let z(a) = -5*a + 5. Let g(y) = 0*y + 0*y + y. Let v(b) = 6*g(b) + z(b). Calculate the remainder when v(5) is divided by 6.
4
Let v(c) = -c**3 + 16*c**2 - 13*c + 32. What is the remainder when v(15) is divided by 13?
10
Let g be 1/3 + (-38)/6. Calcula